at is the thousands digit of 21549?
1
What is the hundreds digit of 13470?
4
What is the tens digit of 1799?
9
What is the thousands digit of 2356?
2
What is the ten thousands digit of 34994?
3
What is the tens digit of 13240?
4
What is the hundreds digit of 8546?
5
What is the hundreds digit of 409?
4
What is the hundreds digit of 2574?
5
What is the tens digit of 1404?
0
What is the tens digit of 3396?
9
What is the hundreds digit of 9142?
1
What is the hundreds digit of 605?
6
What is the ten thousands digit of 15750?
1
What is the units digit of 24522?
2
What is the units digit of 1578?
8
What is the thousands digit of 15332?
5
What is the ten thousands digit of 163193?
6
What is the thousands digit of 6094?
6
What is the hundreds digit of 180?
1
What is the units digit of 59?
9
What is the hundreds digit of 1632?
6
What is the thousands digit of 1178?
1
What is the hundreds digit of 132925?
9
What is the thousands digit of 12940?
2
What is the hundreds digit of 4440?
4
What is the tens digit of 704?
0
What is the tens digit of 13521?
2
What is the ten thousands digit of 17011?
1
What is the tens digit of 52912?
1
What is the units digit of 509?
9
What is the thousands digit of 8626?
8
What is the units digit of 3648?
8
What is the units digit of 360?
0
What is the hundreds digit of 800?
8
What is the hundreds digit of 25943?
9
What is the thousands digit of 6059?
6
What is the hundreds digit of 2684?
6
What is the thousands digit of 40426?
0
What is the hundreds digit of 579?
5
What is the ten thousands digit of 66264?
6
What is the thousands digit of 22251?
2
What is the hundreds digit of 1030?
0
What is the units digit of 1359?
9
What is the thousands digit of 6400?
6
What is the ten thousands digit of 12795?
1
What is the units digit of 1435?
5
What is the tens digit of 1700?
0
What is the thousands digit of 2906?
2
What is the units digit of 120780?
0
What is the thousands digit of 1192?
1
What is the tens digit of 161?
6
What is the units digit of 167848?
8
What is the units digit of 607?
7
What is the hundreds digit of 151058?
0
What is the thousands digit of 43158?
3
What is the units digit of 5683?
3
What is the tens digit of 120?
2
What is the hundreds digit of 1901?
9
What is the units digit of 592?
2
What is the hundreds digit of 3354?
3
What is the thousands digit of 1842?
1
What is the hundreds digit of 493?
4
What is the hundreds digit of 3777?
7
What is the hundreds digit of 46215?
2
What is the units digit of 547?
7
What is the tens digit of 3186?
8
What is the tens digit of 696?
9
What is the tens digit of 26059?
5
What is the tens digit of 719?
1
What is the tens digit of 1037?
3
What is the units digit of 2463?
3
What is the tens digit of 644?
4
What is the units digit of 367?
7
What is the ten thousands digit of 44489?
4
What is the hundreds digit of 83835?
8
What is the hundreds digit of 350?
3
What is the thousands digit of 3665?
3
What is the hundreds digit of 60661?
6
What is the hundreds digit of 103892?
8
What is the hundreds digit of 51780?
7
What is the thousands digit of 1345?
1
What is the thousands digit of 6354?
6
What is the units digit of 7429?
9
What is the hundreds digit of 2610?
6
What is the hundreds digit of 11767?
7
What is the hundreds digit of 1666?
6
What is the ten thousands digit of 24474?
2
What is the units digit of 1499?
9
What is the tens digit of 12916?
1
What is the hundreds digit of 29076?
0
What is the thousands digit of 54184?
4
What is the thousands digit of 46093?
6
What is the thousands digit of 46382?
6
What is the tens digit of 33012?
1
What is the units digit of 2843?
3
What is the thousands digit of 7416?
7
What is the thousands digit of 9318?
9
What is the ten thousands digit of 57949?
5
What is the tens digit of 22173?
7
What is the units digit of 1655?
5
What is the tens digit of 2489?
8
What is the tens digit of 1810?
1
What is the units digit of 30711?
1
What is the thousands digit of 27165?
7
What is the tens digit of 16639?
3
What is the units digit of 3585?
5
What is the ten thousands digit of 22111?
2
What is the hundreds digit of 1824?
8
What is the thousands digit of 1616?
1
What is the units digit of 220?
0
What is the units digit of 1028?
8
What is the thousands digit of 3232?
3
What is the thousands digit of 10235?
0
What is the tens digit of 7796?
9
What is the hundreds digit of 43033?
0
What is the tens digit of 47421?
2
What is the tens digit of 14673?
7
What is the tens digit of 18?
1
What is the hundreds digit of 1259?
2
What is the units digit of 12631?
1
What is the thousands digit of 58908?
8
What is the hundreds digit of 2606?
6
What is the thousands digit of 9289?
9
What is the hundreds digit of 1864?
8
What is the thousands digit of 2351?
2
What is the thousands digit of 70137?
0
What is the ten thousands digit of 89517?
8
What is the hundreds digit of 3100?
1
What is the units digit of 31627?
7
What is the thousands digit of 6471?
6
What is the tens digit of 54023?
2
What is the hundreds digit of 12137?
1
What is the thousands digit of 10778?
0
What is the tens digit of 10719?
1
What is the thousands digit of 16582?
6
What is the hundreds digit of 4118?
1
What is the units digit of 5218?
8
What is the thousands digit of 2470?
2
What is the thousands digit of 4280?
4
What is the tens digit of 1860?
6
What is the thousands digit of 8095?
8
What is the tens digit of 1747?
4
What is the hundreds digit of 3995?
9
What is the units digit of 3949?
9
What is the units digit of 4754?
4
What is the tens digit of 612?
1
What is the tens digit of 885?
8
What is the hundreds digit of 3366?
3
What is the units digit of 7909?
9
What is the hundreds digit of 260?
2
What is the hundreds digit of 402?
4
What is the tens digit of 208?
0
What is the tens digit of 994?
9
What is the hundreds digit of 1199?
1
What is the tens digit of 8870?
7
What is the hundreds digit of 3990?
9
What is the thousands digit of 5477?
5
What is the hundreds digit of 4286?
2
What is the tens digit of 8485?
8
What is the thousands digit of 26170?
6
What is the tens digit of 3303?
0
What is the tens digit of 4913?
1
What is the units digit of 1884?
4
What is the thousands digit of 124291?
4
What is the thousands digit of 3971?
3
What is the units digit of 52210?
0
What is the units digit of 2197?
7
What is the units digit of 7842?
2
What is the tens digit of 118?
1
What is the units digit of 14736?
6
What is the thousands digit of 48935?
8
What is the hundreds digit of 7061?
0
What is the tens digit of 1701?
0
What is the thousands digit of 4892?
4
What is the tens digit of 4594?
9
What is the units digit of 41222?
2
What is the hundreds digit of 153456?
4
What is the hundreds digit of 806?
8
What is the units digit of 861?
1
What is the thousands digit of 2240?
2
What is the ten thousands digit of 20449?
2
What is the units digit of 5731?
1
What is the thousands digit of 20122?
0
What is the units digit of 16775?
5
What is the units digit of 1375?
5
What is the units digit of 96?
6
What is the ten thousands digit of 26680?
2
What is the units digit of 8953?
3
What is the units digit of 160?
0
What is the hundreds digit of 10450?
4
What is the tens digit of 1820?
2
What is the tens digit of 1319?
1
What is the hundreds digit of 3607?
6
What is the units digit of 3109?
9
What is the units digit of 44?
4
What is the hundreds digit of 10028?
0
What is the tens digit of 1112?
1
What is the units digit of 198?
8
What is the hundreds digit of 5303?
3
What is the thousands digit of 6259?
6
What is the tens digit of 8024?
2
What is the thousands digit of 8885?
8
What is the hundreds digit of 6393?
3
What is the thousands digit of 42753?
2
What is the units digit of 141956?
6
What is the tens digit of 4910?
1
What is the units digit of 38?
8
What is the units digit of 2156?
6
What is the hundreds digit of 1291?
2
What is the thousands digit of 22998?
2
What is the units digit of 3202?
2
What is the units digit of 3273?
3
What is the thousands digit of 6259?
6
What is the hundreds digit of 7171?
1
What is the tens digit of 40653?
5
What is the units digit of 2262?
2
What is the hundreds digit of 7445?
4
What is the hundreds digit of 9049?
0
What is the hundreds digit of 8693?
6
What is the units digit